-4*h + 58. Calculate the remainder when 37 is divided by a.
18
Suppose k = -m + 5*k + 17, 5*k - 10 = -5*m. Let i(c) = -c**2 - 13*c - 34. Let w be i(-7). What is the remainder when 6*m/(60/w) is divided by 4?
0
Suppose -1707*z - 26 = -1723*z + 38. Suppose -3*j = -2*j + x, 2*j - x - 12 = 0. Suppose -3*o + j = -2. What is the remainder when z is divided by o?
0
Suppose -n - 5 + 104 = 0. Suppose 4*l - 125 = -l. Calculate the remainder when n is divided by l.
24
Let z(d) be the first derivative of -12*d**2 - 3*d - 18. Calculate the remainder when z(-1) is divided by 23/4 + 4/16.
3
Let i(l) = 5*l**2 + 101*l + 21. What is the remainder when 291 is divided by i(-21)?
81
Let y be (51/5)/((-5)/25). Let r be 4*(-1)/12*y. Calculate the remainder when r*(-2 - 2)/(-4) is divided by 10.
7
Let u be (-204)/(-60) - (-3)/5. Suppose -u*l - l = -120. What is the remainder when 117 is divided by l?
21
Suppose 3*z + n - 132 = 2*z, 3*n = -6. Suppose 9*d - 11*d = -z. Calculate the remainder when d is divided by 34.
33
Let v = -182 - -191. Calculate the remainder when 25 is divided by v.
7
Suppose -6*f + 2*f + 116 = 0. Suppose h = 13 + f. What is the remainder when 125 is divided by h?
41
Let w(i) = -2*i + 13. Suppose 3*f + 5 = -10. Calculate the remainder when 44 is divided by w(f).
21
Let i be ((-2)/4)/(5*6/3420). Let m = i - -69. What is the remainder when 31 is divided by m?
7
Let a(m) = -m - 1. Let k be a(-1). Suppose -c + 11 - 2 = k. Let t = -35 - -59. Calculate the remainder when t is divided by c.
6
Let j(n) = n**3 + 5*n**2 + 9*n - 34. What is the remainder when j(3) is divided by 57?
8
Suppose -3*k - z + 386 = z, -2*k + 3*z = -253. Suppose 0 = -3*h + 40 + 59. What is the remainder when k is divided by h?
29
Let s be -3 - (0 - 0) - -48. Let q = 70 - s. Calculate the remainder when q is divided by 13.
12
Let n(t) = -2*t**2 - 92*t + 281. Calculate the remainder when n(-48) is divided by 4.
1
Let l = 450 + -201. Calculate the remainder when l is divided by 11.
7
Let y(n) = -n**3 + 17*n**2 + n + 22. Calculate the remainder when y(17) is divided by 31.
8
What is the remainder when 79 is divided by 434/28*4/1 + 6?
11
Let a(f) = 2*f**2 - 2*f - 2. Let s(p) = -6*p + 2. Let z be s(1). Let x be a(z). Suppose -b + x = b. What is the remainder when 55 is divided by b?
17
Let s be ((-47)/(-141))/(((-1)/1)/(-9)). What is the remainder when 79 is divided by (-63)/(1/4*-2*s)?
37
Let n(z) be the second derivative of 1/2*z**3 - 4*z**2 - 10*z + 0. What is the remainder when n(5) is divided by 2?
1
Let k(w) = 7*w**2 + w + 1. Let m(c) = -c + 11. Calculate the remainder when k(2) is divided by m(-5).
15
What is the remainder when 533 is divided by (-70 + (-1 - -4))*8/(-8)?
64
Let j = 294 - 211. Calculate the remainder when j is divided by 15.
8
Let o = -18 + 13. Let w be (76/(-10))/(1/o). Suppose 3*g - w = g. What is the remainder when 54 is divided by g?
16
What is the remainder when 61 is divided by (12 + -2)*69/115?
1
Suppose -w + 25 - 22 = 0. Suppose 3*n = -3, -3*a - w*n = 2*a - 92. Calculate the remainder when 74 is divided by a.
17
What is the remainder when ((-22)/5)/((-1010)/125 + 8) is divided by 23?
9
Suppose 5*l = -5*p, -7*l = -p - 3*l + 25. Suppose 20 = p*b - 135. What is the remainder when b is divided by 11?
9
Let b(j) be the second derivative of j**4/12 - j**3/2 - 27*j**2/2 - 8*j. What is the remainder when 4 is divided by b(7)?
0
Suppose 3*m - 14 - 4 = p, -3*p + 37 = 4*m. Let s(x) = -x**2 + 10*x - 17. Suppose -2*i = 23 - 61. Calculate the remainder when i is divided by s(m).
3
Suppose 6*d - w = 2*d + 2332, 0 = 2*d + 5*w - 1166. Calculate the remainder when d is divided by 117.
115
Let s(j) = -j**3 + j**2 - j + 7. Let i be s(0). Let q(n) = -4*n + 3 + 0*n + i*n**2 + 0*n**2 - 2*n**2. What is the remainder when 42 is divided by q(2)?
12
Let b = -7 + 40. Let j = b + -30. Calculate the remainder when 23 is divided by j.
2
Let y(g) = -g + 13. Let m be y(13). Suppose m = -5*b - 10, -3*b = l - 168. What is the remainder when l is divided by 44?
42
Let b(i) = i**2 + i - 18. Let u be b(0). Let o = 1754 - 1751. Calculate the remainder when (-292)/u - (-10)/(-45) is divided by o.
1
Suppose 1280 = -7*h + 23*h. What is the remainder when 290 is divided by h?
50
Let u be (-97)/(-4)*(-1 - -5). Suppose 2*p = l + 3*p - 23, 5*l - p - u = 0. Suppose 2*b + 3*b = l. Calculate the remainder when 7 is divided by b.
3
Suppose -49*j + 36950 = -22928. What is the remainder when j is divided by 36?
34
Suppose -27 = 3*w - 12. Calculate the remainder when 1188/32 - w/(-40) is divided by 13.
11
Let t(w) be the first derivative of w**4/4 - 4*w**3 + 15*w - 12. Calculate the remainder when 44 is divided by t(12).
14
Let i(f) = -f + 2. Let d be i(0). Let t(g) = -4*g**2 + 7*g + 6*g**2 - g**d - 5 + 13. What is the remainder when t(-12) is divided by 23?
22
What is the remainder when 58 - -1 - (22 + -17) is divided by 15?
9
Let w be (-1449)/(-189)*(1 + 8/(-2)). Let t = 39 + w. What is the remainder when t is divided by 10?
6
Let s be 5884/(-52) + -3 + 4/26. Let j = -100 - s. Calculate the remainder when 45 is divided by j.
13
Let t(w) = w**2 - 22*w + 109. Calculate the remainder when 72 is divided by t(17).
0
Suppose -64 = -7*g + 55. What is the remainder when 47 is divided by g?
13
What is the remainder when 87 is divided by (-8)/(24/33)*-1?
10
Let d = 496 + -409. Calculate the remainder when d is divided by 9.
6
Suppose -9*d + 8*d = -5. Calculate the remainder when 32 is divided by d/2*12/5.
2
Let g = -22 - -38. Calculate the remainder when 138 is divided by g.
10
Suppose 0 = -2*z + 4*m + 62, 0 = -3*z - 3*m + 4*m + 88. Let w = -14 + z. What is the remainder when w is divided by 6?
3
Let n = -2046 + 2069. What is the remainder when 192 is divided by n?
8
Let a = 803 + -9. Suppose 242 = 4*v + a. Let f = 247 + v. Calculate the remainder when f is divided by 37.
35
Let l(n) = -n**2 - 14*n + 2. What is the remainder when (-3)/9 + (-356)/(-6) is divided by l(-13)?
14
Let j(g) = -g**3 - 11*g**2 + 7*g + 55. What is the remainder when j(-12) is divided by 11?
5
Let h(z) = -10*z + 5. Let l be h(-5). Suppose 20 + l = 5*d. Let u(f) = -8*f + 108. What is the remainder when u(10) is divided by d?
13
Let t = 123 - 107. What is the remainder when (12/(-16))/(1 - 17/t) is divided by 9?
3
Let v be (48/(-9) - -5)*-3. Suppose 2*r + 0*r - 14 = -2*b, -2*r = -5*b + 35. What is the remainder when 624/32 - v/2 is divided by b?
5
Suppose -x - 23 = -c - 3*c, 0 = c + 5*x - 32. Suppose -293*d - 4*f + 40 = -289*d, 14 = 2*d + 4*f. What is the remainder when d is divided by c?
6
Suppose -5*g - z - 12 = 10, g = -4*z - 12. Let k(r) be the first derivative of -3*r**2/2 + 3*r + 1. What is the remainder when k(g) is divided by 8?
7
Let m = -487 - -534. What is the remainder when 140 is divided by m?
46
Let h be (472/10 - 2) + (-1)/5. Let w = 26 + h. Calculate the remainder when w is divided by 24.
23
Suppose -4*d + 8 = 0, 2*d = -0*a - a + 42. Calculate the remainder when a is divided by (8/(-6))/(8/(-60)).
8
Let o(z) = -z**3 - 3*z**2 - 56*z - 13. What is the remainder when o(-8) is divided by 7?
6
What is the remainder when 479 is divided by 3/(3 + 0) - (-74 - 5)?
79
Let z be 0*2/(-14)*(-14)/4. Suppose z = v - 3, 0 = -4*s + 3*s + 4*v + 31. What is the remainder when 127 is divided by s?
41
Suppose -4*d + 3*z = -593, -241 - 358 = -4*d + 5*z. Suppose -3*y - 4*x = -166, 0 = -5*y + 4*x + 96 + 138. Calculate the remainder when d is divided by y.
46
Let m(b) = -2*b + 35. Let l be m(18). What is the remainder when (l - 0) + 3*10 is divided by 8?
5
Let z be ((-17)/(-34))/(2/120). Suppose 0*c + 3*c - z = 0. Calculate the remainder when 19 is divided by c.
9
Let d = 270 + -257. Calculate the remainder when 48 is divided by d.
9
Let q(r) = -r + 5. Let d be q(5). Suppose d = -b + 54 - 14. What is the remainder when 159 is divided by b?
39
Suppose 2*f - 2 = f. Suppose 4*k + f*w = 32, -21 = -5*k + 4*w + 32. Let c(u) = 9*u**2 + 46*u - 33. What is the remainder when c(-6) is divided by k?
6
Suppose -5*t + 87 = -303. Let b be ((-1)/(-3))/((-2)/(-30)). What is the remainder when t is divided by (24/b)/(6/20)?
14
Let w = -9 + 34. Suppose 0 = -0*y - 3*y + 393. Suppose 239 = 3*a + 4*g, a = 3*a - 3*g - y. Calculate the remainder when a is divided by w.
23
S